{"id":124,"date":"2020-01-04T14:18:20","date_gmt":"2020-01-04T13:18:20","guid":{"rendered":"http:\/\/sdamp-cgt.org\/sdamp\/?page_id=124"},"modified":"2021-06-02T20:12:24","modified_gmt":"2021-06-02T18:12:24","slug":"opera-de-paris","status":"publish","type":"page","link":"https:\/\/sdamp-cgt.org\/sdamp\/ensembles-permanents\/opera-de-paris\/","title":{"rendered":"Op\u00e9ra de Paris"},"content":{"rendered":"\n<p>Site internet : <a href=\"https:\/\/www.operadeparis.fr\/\">https:\/\/www.operadeparis.fr\/<\/a><br>Elus au CSE :<br>contacts :<br>Ballet :<br>Orchestre :<\/p>\n\n\n\n<p><\/p>\n\n\n\n<p>Louis XIV fonda l\u2019Acad\u00e9mie royale de Danse En 1661, puis en 1669 l&rsquo;Acad\u00e9mie royale de Musique \u00e0 l&rsquo;instigation de Colbert.  Cette tr\u00e8s ancienne institution n&rsquo;\u00e9chappe pas aux <em>alea<\/em> du dialogue social<\/p>\n\n\n\n<figure class=\"wp-block-image size-medium\"><img loading=\"lazy\" decoding=\"async\" width=\"300\" height=\"225\" src=\"http:\/\/sdamp-cgt.org\/sdamp\/wp-content\/uploads\/2020\/01\/opera1-300x225.jpg\" alt=\"\" class=\"wp-image-42\" srcset=\"https:\/\/sdamp-cgt.org\/sdamp\/wp-content\/uploads\/2020\/01\/opera1-300x225.jpg 300w, https:\/\/sdamp-cgt.org\/sdamp\/wp-content\/uploads\/2020\/01\/opera1-600x450.jpg 600w, https:\/\/sdamp-cgt.org\/sdamp\/wp-content\/uploads\/2020\/01\/opera1.jpg 742w\" sizes=\"auto, (max-width: 300px) 100vw, 300px\" \/><\/figure>\n","protected":false},"excerpt":{"rendered":"<p>Site internet : https:\/\/www.operadeparis.fr\/Elus au CSE :contacts :Ballet :Orchestre : Louis XIV fonda l\u2019Acad\u00e9mie royale de Danse En 1661, puis en 1669 l&rsquo;Acad\u00e9mie royale de&hellip;<\/p>\n","protected":false},"author":1,"featured_media":0,"parent":119,"menu_order":0,"comment_status":"closed","ping_status":"closed","template":"","meta":{"footnotes":""},"class_list":["post-124","page","type-page","status-publish","hentry"],"_links":{"self":[{"href":"https:\/\/sdamp-cgt.org\/sdamp\/wp-json\/wp\/v2\/pages\/124","targetHints":{"allow":["GET"]}}],"collection":[{"href":"https:\/\/sdamp-cgt.org\/sdamp\/wp-json\/wp\/v2\/pages"}],"about":[{"href":"https:\/\/sdamp-cgt.org\/sdamp\/wp-json\/wp\/v2\/types\/page"}],"author":[{"embeddable":true,"href":"https:\/\/sdamp-cgt.org\/sdamp\/wp-json\/wp\/v2\/users\/1"}],"replies":[{"embeddable":true,"href":"https:\/\/sdamp-cgt.org\/sdamp\/wp-json\/wp\/v2\/comments?post=124"}],"version-history":[{"count":3,"href":"https:\/\/sdamp-cgt.org\/sdamp\/wp-json\/wp\/v2\/pages\/124\/revisions"}],"predecessor-version":[{"id":129,"href":"https:\/\/sdamp-cgt.org\/sdamp\/wp-json\/wp\/v2\/pages\/124\/revisions\/129"}],"up":[{"embeddable":true,"href":"https:\/\/sdamp-cgt.org\/sdamp\/wp-json\/wp\/v2\/pages\/119"}],"wp:attachment":[{"href":"https:\/\/sdamp-cgt.org\/sdamp\/wp-json\/wp\/v2\/media?parent=124"}],"curies":[{"name":"wp","href":"https:\/\/api.w.org\/{rel}","templated":true}]}}