{"id":175,"date":"2020-01-04T18:55:00","date_gmt":"2020-01-04T17:55:00","guid":{"rendered":"http:\/\/sdamp-cgt.org\/sdamp\/?page_id=175"},"modified":"2023-08-16T18:38:29","modified_gmt":"2023-08-16T16:38:29","slug":"organisation","status":"publish","type":"page","link":"https:\/\/sdamp-cgt.org\/sdamp\/accueil\/organisation\/","title":{"rendered":"Organisation"},"content":{"rendered":"\n<p><em>Le Sdamp-Cgt est membre de l\u2019union nationale des syndicats d&rsquo;artistes musiciens de France (SNAM-CGT) et contribue \u00e0 ses travaux au cot\u00e9 des autres syndicats de musicien.ne.s.<\/em><\/p>\n\n\n\n<p>Le Sdamp-Cgt comme tous les syndicats  du Snam est pris en charge par des artistes en activit\u00e9, leur travail demande \u00e0 \u00eatre suppl\u00e9\u00e9 constamment et les responsabilit\u00e9s partag\u00e9es.<\/p>\n\n\n\n<p>Pour bien fonctionner, le syndicat a besoin d&rsquo;avoir des instances en ordre de marche et r\u00e9guli\u00e8rement renouvel\u00e9es.<br>Si le conseil syndical repr\u00e9sente les membres les ayant \u00e9lus en assembl\u00e9e  g\u00e9n\u00e9rale statutaire, il faut aussi d\u00e9signer un bureau constitu\u00e9 d&rsquo;un.e secr\u00e9taire g\u00e9n\u00e9ral.e et d&rsquo;un.e adjoint.e, d&rsquo;un.e tr\u00e9sorier.e et d&rsquo;une commission financi\u00e8re et de contr\u00f4le. <br>A cela s&rsquo;ajoute tous les groupes de travail motiv\u00e9s par l&rsquo;actualit\u00e9 et nos repr\u00e9sentant aupr\u00e8s des trois branches professionnelles du Snam (BNE*, BNEP*, BNIMa*).<br><\/p>\n\n\n\n<p class=\"has-small-font-size\">*BNE : Branche nationale des enseignants<br>*BNEP : Branche nationale des Ensembles Permanents<br>*BNIMa : Branche nationale des salari\u00e9s intermittents des musiques actuelles<\/p>\n\n\n\n<p class=\"has-small-font-size\"><strong>Archives<\/strong><br>Assembl\u00e9e g\u00e9n\u00e9rale du 17 mai 2010<br>Assembl\u00e9e g\u00e9n\u00e9rale du 30 janvier 2014<br>Assembl\u00e9e g\u00e9n\u00e9rale du 20 janvier 2017<br>Assembl\u00e9e g\u00e9n\u00e9rale du 25 f\u00e9vrier 2020<br>Assembl\u00e9e g\u00e9n\u00e9rale du 13 mars 2023<\/p>\n","protected":false},"excerpt":{"rendered":"<p>Le Sdamp-Cgt est membre de l\u2019union nationale des syndicats d&rsquo;artistes musiciens de France (SNAM-CGT) et contribue \u00e0 ses travaux au cot\u00e9 des autres syndicats de&hellip;<\/p>\n","protected":false},"author":1,"featured_media":0,"parent":2,"menu_order":0,"comment_status":"closed","ping_status":"closed","template":"","meta":{"footnotes":""},"class_list":["post-175","page","type-page","status-publish","hentry"],"_links":{"self":[{"href":"https:\/\/sdamp-cgt.org\/sdamp\/wp-json\/wp\/v2\/pages\/175","targetHints":{"allow":["GET"]}}],"collection":[{"href":"https:\/\/sdamp-cgt.org\/sdamp\/wp-json\/wp\/v2\/pages"}],"about":[{"href":"https:\/\/sdamp-cgt.org\/sdamp\/wp-json\/wp\/v2\/types\/page"}],"author":[{"embeddable":true,"href":"https:\/\/sdamp-cgt.org\/sdamp\/wp-json\/wp\/v2\/users\/1"}],"replies":[{"embeddable":true,"href":"https:\/\/sdamp-cgt.org\/sdamp\/wp-json\/wp\/v2\/comments?post=175"}],"version-history":[{"count":4,"href":"https:\/\/sdamp-cgt.org\/sdamp\/wp-json\/wp\/v2\/pages\/175\/revisions"}],"predecessor-version":[{"id":687,"href":"https:\/\/sdamp-cgt.org\/sdamp\/wp-json\/wp\/v2\/pages\/175\/revisions\/687"}],"up":[{"embeddable":true,"href":"https:\/\/sdamp-cgt.org\/sdamp\/wp-json\/wp\/v2\/pages\/2"}],"wp:attachment":[{"href":"https:\/\/sdamp-cgt.org\/sdamp\/wp-json\/wp\/v2\/media?parent=175"}],"curies":[{"name":"wp","href":"https:\/\/api.w.org\/{rel}","templated":true}]}}