{"id":197,"date":"2020-01-14T19:36:26","date_gmt":"2020-01-14T18:36:26","guid":{"rendered":"http:\/\/sdamp-cgt.org\/sdamp\/?page_id=197"},"modified":"2023-07-26T12:44:59","modified_gmt":"2023-07-26T10:44:59","slug":"concerts-caritatifs-mode-demploi","status":"publish","type":"page","link":"https:\/\/sdamp-cgt.org\/sdamp\/spectacle-vivant\/concerts-caritatifs-mode-demploi\/","title":{"rendered":"Concerts caritatifs"},"content":{"rendered":"\n<p><strong>Mode d&#8217;emploi<\/strong><br><em>On a longtemps glos\u00e9 sur le fait que soutenir une cause impliquerait de passer outre la l\u00e9gislation prescrite par le code du travail et les textes conventionnels. Il n&rsquo;en est rien.<\/em><\/p>\n\n\n\n<p><strong>Ils s&rsquo;organisent de la m\u00eame fa\u00e7on qu&rsquo;un spectacle traditionnel <\/strong><br>Comme pour toute initiative de spectacle commerciale ou \u00e0 but non lucratif, un producteur de spectacle doit s\u2019assurer pouvoir r\u00e9mun\u00e9rer le plateau artistique et technique dont il a la responsabilit\u00e9 sociale : m\u00eame en cas de bouillon complet avec billetterie nulle.<br>Cette prise de risque est r\u00e9put\u00e9e faire le c\u0153ur de m\u00e9tier d&rsquo;un producteur de spectacle.<br><br>La seule chose qui est possible, est que des artistes participant \u00e0 un concert de soutien \u00e0 une cause quelconque puissent<strong> <em>reverser le montant de leur salaire<\/em><\/strong> qu&rsquo;ils et elles ont re\u00e7u, <strong><em>une fois que la relation contractuelle est achev\u00e9e<\/em> <\/strong>et qu&rsquo;aucun lien de subordination ne persiste. <br><br>Un spectacle caritatif ou fait en soutien \u00e0 une cause doit \u00e9mettre une billetterie d\u00e9clar\u00e9e pour la transparence comptable de son objectif. En contribuant \u00e0 la taxe sur la billetterie tout producteur d\u00e9l\u00e9gu\u00e9 prenant en charge le spectacle en tirera un b\u00e9n\u00e9fice (65% de la taxe). Cette somme sera-t-elle mise \u00e0 contribution? C&rsquo;est la question qu&rsquo;il faudra poser quand vous ferez votre ch\u00e8que.<\/p>\n\n\n\n<div class=\"wp-block-columns is-layout-flex wp-container-core-columns-is-layout-9d6595d7 wp-block-columns-is-layout-flex\">\n<div class=\"wp-block-column is-layout-flow wp-block-column-is-layout-flow\">\n<p><strong>Ce qu&rsquo;il ne faut pas faire<\/strong><br>Un spectacle qui ne d\u00e9clare pas sa billetterie ne peut pas garantir que  les fonds r\u00e9colt\u00e9s pour la cause qu&rsquo;il pr\u00e9tend soutenir soient bien comptabilis\u00e9s. Soyez prudents quand vous vous y engagez, <\/p>\n<\/div>\n\n\n\n<div class=\"wp-block-column is-layout-flow wp-block-column-is-layout-flow\">\n<p><\/p>\n\n\n\n<figure class=\"wp-block-image size-full\"><img loading=\"lazy\" decoding=\"async\" width=\"351\" height=\"232\" src=\"https:\/\/sdamp-cgt.org\/sdamp\/wp-content\/uploads\/2020\/01\/coluche.jpg\" alt=\"\" class=\"wp-image-201\" srcset=\"https:\/\/sdamp-cgt.org\/sdamp\/wp-content\/uploads\/2020\/01\/coluche.jpg 351w, https:\/\/sdamp-cgt.org\/sdamp\/wp-content\/uploads\/2020\/01\/coluche-300x198.jpg 300w\" sizes=\"auto, (max-width: 351px) 100vw, 351px\" \/><\/figure>\n<\/div>\n<\/div>\n\n\n\n<p><a href=\"https:\/\/sdamp-cgt.org\/sdamp\/wp-content\/uploads\/2023\/07\/Declaration-amateurs-_-notice-explicative.pdf\" target=\"_blank\" rel=\"noreferrer noopener\"><strong>Voir aussi la brochure du minist\u00e8re concernant les spectacles en amateur<\/strong><\/a><\/p>\n","protected":false},"excerpt":{"rendered":"<p>Mode d&#8217;emploiOn a longtemps glos\u00e9 sur le fait que soutenir une cause impliquerait de passer outre la l\u00e9gislation prescrite par le code du travail et&hellip;<\/p>\n","protected":false},"author":1,"featured_media":0,"parent":34,"menu_order":1,"comment_status":"closed","ping_status":"closed","template":"","meta":{"footnotes":""},"class_list":["post-197","page","type-page","status-publish","hentry"],"_links":{"self":[{"href":"https:\/\/sdamp-cgt.org\/sdamp\/wp-json\/wp\/v2\/pages\/197","targetHints":{"allow":["GET"]}}],"collection":[{"href":"https:\/\/sdamp-cgt.org\/sdamp\/wp-json\/wp\/v2\/pages"}],"about":[{"href":"https:\/\/sdamp-cgt.org\/sdamp\/wp-json\/wp\/v2\/types\/page"}],"author":[{"embeddable":true,"href":"https:\/\/sdamp-cgt.org\/sdamp\/wp-json\/wp\/v2\/users\/1"}],"replies":[{"embeddable":true,"href":"https:\/\/sdamp-cgt.org\/sdamp\/wp-json\/wp\/v2\/comments?post=197"}],"version-history":[{"count":35,"href":"https:\/\/sdamp-cgt.org\/sdamp\/wp-json\/wp\/v2\/pages\/197\/revisions"}],"predecessor-version":[{"id":681,"href":"https:\/\/sdamp-cgt.org\/sdamp\/wp-json\/wp\/v2\/pages\/197\/revisions\/681"}],"up":[{"embeddable":true,"href":"https:\/\/sdamp-cgt.org\/sdamp\/wp-json\/wp\/v2\/pages\/34"}],"wp:attachment":[{"href":"https:\/\/sdamp-cgt.org\/sdamp\/wp-json\/wp\/v2\/media?parent=197"}],"curies":[{"name":"wp","href":"https:\/\/api.w.org\/{rel}","templated":true}]}}