{"id":203,"date":"2020-01-14T20:04:48","date_gmt":"2020-01-14T19:04:48","guid":{"rendered":"http:\/\/sdamp-cgt.org\/sdamp\/?page_id=203"},"modified":"2023-06-17T13:22:29","modified_gmt":"2023-06-17T11:22:29","slug":"reglementation-publique","status":"publish","type":"page","link":"https:\/\/sdamp-cgt.org\/sdamp\/enseignement\/fonction-publique-territoriale\/reglementation-publique\/","title":{"rendered":"R\u00e9glementation publique"},"content":{"rendered":"\n<figure class=\"wp-block-table\"><table><tbody><tr><td> FONCTION PUBLIQUE TERRITORIALE<br><strong><a href=\"https:\/\/sdamp-cgt.org\/sdamp\/wp-content\/uploads\/2023\/06\/code_general_fonction_publique_table_concordance_ancienne_nouvelle.xlsx\"><br>Retrouvez ICI la table de conversion anciens textes \/ code g\u00e9n\u00e9ral de la fonction publique<\/a><\/strong><br><br> <strong>Dispositions statutaires<\/strong> (anciens textes)&nbsp;: <br><a rel=\"noreferrer noopener\" href=\"http:\/\/www.legifrance.gouv.fr\/affichTexte.do?cidTexte=JORFTEXT000000320434\" target=\"_blank\">Loi n\u00b0 84-53 du 26 janvier 1984 portant dispositions statutaires relatives \u00e0 la fonction publique territoriale (1)<\/a> <br><br><a rel=\"noreferrer noopener\" href=\"http:\/\/www.legifrance.gouv.fr\/affichTexte.do?cidTexte=LEGITEXT000006078011&amp;dateTexte=vig\" target=\"_blank\">D\u00e9cret n\u00b091-855 du 2 septembre 1991 portant statut particulier du cadre d&#8217;emplois des directeurs d&rsquo;\u00e9tablissements territoriaux d&rsquo;enseignement artistique <\/a><br><br> <a rel=\"noreferrer noopener\" href=\"http:\/\/www.legifrance.gouv.fr\/affichTexte.do?cidTexte=LEGITEXT000006078009&amp;dateTexte=vig\" target=\"_blank\">D\u00e9cret n\u00b091-857 du 2 septembre 1991 portant statut particulier du cadre d&#8217;emplois des professeurs territoriaux d&rsquo;enseignement artistique (musique, danse, art dramatique, arts plastiques) <\/a> <br><br><a rel=\"noreferrer noopener\" href=\"http:\/\/www.legifrance.gouv.fr\/affichTexte.do?cidTexte=JORFTEXT000025597236\" target=\"_blank\">D\u00e9cret n\u00b0 2012-437 du 29 mars 2012 portant statut particulier du cadre d&#8217;emplois des assistants territoriaux d&rsquo;enseignement artistique <\/a> <br><br><a rel=\"noreferrer noopener\" href=\"http:\/\/legifrance.gouv.fr\/affichTexte.do?cidTexte=JORFTEXT000025489865&amp;fastPos=1&amp;fastReqId=1213693443&amp;categorieLien=id&amp;oldAction=rechTexte=vig\" target=\"_blank\">LOI n\u00b0 2012-347 du 12 mars 2012 relative \u00e0 l&rsquo;acc\u00e8s \u00e0 l&#8217;emploi titulaire et \u00e0 l&rsquo;am\u00e9lioration des conditions d&#8217;emploi des agents contractuels dans la fonction publique, \u00e0 la lutte contre les discriminations et portant diverses dispositions relatives \u00e0 la fonction publique (1) <\/a> <a rel=\"noreferrer noopener\" href=\"https:\/\/www.service-public.fr\/particuliers\/vosdroits\/F13852\" target=\"_blank\">Agent contractuel de la fonction publique : passage automatique en CDI<\/a> <br><br><a rel=\"noreferrer noopener\" href=\"http:\/\/www.legifrance.gouv.fr\/affichTexte.do?cidTexte=LEGITEXT000006077407&amp;dateTexte=vig\" target=\"_blank\">D\u00e9cret n\u00b091-298 du 20 mars 1991 portant dispositions statutaires applicables aux fonctionnaires territoriaux nomm\u00e9s dans des emplois permanents \u00e0 temps non complet <\/a> <br><br><strong>Textes juridiques et r\u00e9glementaires&nbsp;: <\/strong><br><a rel=\"noreferrer noopener\" href=\"http:\/\/www.legifrance.gouv.fr\/affichTexte.do?cidTexte=LEGITEXT000005630448&amp;dateTexte=vig\" target=\"_blank\">Loi n\u00b0 2001-2 du 3 janvier 2001 relative \u00e0 la r\u00e9sorption de l&#8217;emploi pr\u00e9caire et \u00e0 la modernisation du recrutement dans la fonction publique ainsi qu&rsquo;au temps de travail dans la fonction publique territoriale<\/a> <br><br><a rel=\"noreferrer noopener\" href=\"http:\/\/www.legifrance.gouv.fr\/affichTexte.do;jsessionid=A320BD75433B39878E1DDEF5BC2413E8.tpdjo11v_3?idSectionTA=LEGISCTA000006089530&amp;cidTexte=JORFTEXT000000649834&amp;dateTexte=vig\" target=\"_blank\">D\u00e9cret n\u00b02007-658 du 2 mai 2007 relatif au cumul d&rsquo;activit\u00e9s des fonctionnaires, des agents non titulaires de droit public et des ouvriers des \u00e9tablissements industriels de l&rsquo;Etat<\/a> <br><br><a rel=\"noreferrer noopener\" href=\"http:\/\/circulaire.legifrance.gouv.fr\/pdf\/2009\/05\/cir_26274.pdf\" target=\"_blank\">Circulaire 2157 du 11 mars 2008 relative au cumul d&rsquo;activit\u00e9<\/a><br><br> <a rel=\"noreferrer noopener\" href=\"http:\/\/www.legifrance.gouv.fr\/affichTexte.do;jsessionid=3FED8B047E706D7F374570E83D43D7B3.tpdjo08v_1?cidTexte=LEGITEXT000006068817&amp;dateTexte=vig\" target=\"_blank\">Loi n\u00b0 83-663 du 22 juillet 1983 compl\u00e9tant la loi n\u00b0 83-8 du 7 janvier 1983 relative \u00e0 la r\u00e9partition de comp\u00e9tences entre les communes, les d\u00e9partements, les r\u00e9gions et l&rsquo;Etat<\/a> <strong>(<\/strong>D\u00e9centralisation) <br><br><a rel=\"noreferrer noopener\" href=\"http:\/\/www.legifrance.gouv.fr\/affichTexte.do?cidTexte=JORFTEXT000019025536&amp;dateTexte=vig\" target=\"_blank\">D\u00e9cret n\u00b0 2008-580 du 18 juin 2008 relatif au r\u00e9gime de la mise \u00e0 disposition applicable aux collectivit\u00e9s territoriales et aux \u00e9tablissements publics administratifs locaux <\/a><br><br> <a rel=\"noreferrer noopener\" href=\"http:\/\/www.legifrance.gouv.fr\/affichTexte.do?cidTexte=LEGITEXT000006066415&amp;dateTexte=vig\" target=\"_blank\">D\u00e9cret n\u00b088-145 du 15 f\u00e9vrier 1988 pris pour l&rsquo;application de l&rsquo;article 136 de la loi du 26 janvier 1984 modifi\u00e9e portant dispositions statutaires relatives \u00e0 la fonction publique territoriale et relatif aux agents non titulaires de la fonction publique territoriale<\/a> <br> <br> <a rel=\"noreferrer noopener\" href=\"http:\/\/www.legifrance.gouv.fr\/affichTexte.do?cidTexte=LEGITEXT000006068812\" target=\"_blank\">Loi n\u00b0 83-634 du 13 juillet 1983 portant droits et obligations des fonctionnaires. Loi dite loi Le Pors<\/a> <br><br><strong>Revalorisation des dipl\u00f4mes DE et CA (2016)<\/strong> <br><a rel=\"noreferrer noopener\" href=\"https:\/\/www.legifrance.gouv.fr\/eli\/arrete\/2016\/7\/29\/MCCD1619994A\/jo\/texte\" target=\"_blank\">Arr\u00eat\u00e9 du 29 juillet 2016 relatif au certificat d\u2019aptitude aux fonctions de professeur de musique et fixant les conditions d\u2019habilitation des \u00e9tablissements d\u2019enseignement sup\u00e9rieur \u00e0 d\u00e9livrer ce dipl\u00f4me NOR&nbsp;: MCCD1619994A<\/a><br> <a rel=\"noreferrer noopener\" aria-label=\" (s\u2019ouvre dans un nouvel onglet)\" href=\"https:\/\/sdamp-cgt.org\/sdamp\/wp-content\/uploads\/2020\/07\/Annexe-I-_-1\u00e8re-partie-Contexte-m\u00e9tier-CA-prof-de-musique.pdf\" target=\"_blank\">Annexe I, 1ere partie&nbsp;: contexte de m\u00e9tier <\/a><br> <a rel=\"noreferrer noopener\" aria-label=\" (s\u2019ouvre dans un nouvel onglet)\" href=\"https:\/\/sdamp-cgt.org\/sdamp\/wp-content\/uploads\/2020\/07\/Annexe-I-_-2\u00e8me-partie-R\u00e9f\u00e9rentiel-CA-prof-de-musique.pdf\" target=\"_blank\">Annexe I, 2e partie&nbsp;: r\u00e9f\u00e9rentiel m\u00e9tier<\/a> <br> <a rel=\"noreferrer noopener\" aria-label=\" (s\u2019ouvre dans un nouvel onglet)\" href=\"https:\/\/sdamp-cgt.org\/sdamp\/wp-content\/uploads\/2020\/07\/Annexe-II-arrete-CA-prof-de-musique.pdf\" target=\"_blank\">Annexe II&nbsp;; disciplines<\/a> <br> <a rel=\"noreferrer noopener\" aria-label=\" (s\u2019ouvre dans un nouvel onglet)\" href=\"https:\/\/sdamp-cgt.org\/sdamp\/wp-content\/uploads\/2020\/07\/annexe-III-arrete-CA-prof-de-musique.pdf\" target=\"_blank\">Annexe III&nbsp;; Evaluation VAE<\/a> <br><a rel=\"noreferrer noopener\" href=\"https:\/\/www.legifrance.gouv.fr\/eli\/arrete\/2016\/7\/29\/MCCD1619960A\/jo\/texte\" target=\"_blank\">Arr\u00eat\u00e9 du 29 juillet 2016 relatif au dipl\u00f4me d\u2019Etat de professeur de musique et fixant les conditions d\u2019habilitation des \u00e9tablissements d\u2019enseignement sup\u00e9rieur \u00e0 d\u00e9livrer ce dipl\u00f4me NOR&nbsp;: MCCD1619960A<\/a><br> <a rel=\"noreferrer noopener\" aria-label=\" (s\u2019ouvre dans un nouvel onglet)\" href=\"https:\/\/sdamp-cgt.org\/sdamp\/wp-content\/uploads\/2020\/07\/Annexe-I-_-1\u00e8re-partie-arrete-DE-prof-de-musique.pdf\" target=\"_blank\">Annexe I, 1ere partie&nbsp;: contexte de m\u00e9tier<\/a> (DE) <br> <a rel=\"noreferrer noopener\" aria-label=\" (s\u2019ouvre dans un nouvel onglet)\" href=\"https:\/\/sdamp-cgt.org\/sdamp\/wp-content\/uploads\/2020\/07\/Annexe-I-_-2\u00e8me-partie-arrete-DE-prof-de-musique.pdf\" target=\"_blank\">Annexe I, 2e partie&nbsp;: r\u00e9f\u00e9rentiel m\u00e9tier<\/a> <\/td><\/tr><tr><td><br> <strong>Pas d&rsquo;annualisation du temps de travail<br> <\/strong><a rel=\"noreferrer noopener\" href=\"https:\/\/www.legifrance.gouv.fr\/affichJuriAdmin.do?oldAction=rechJuriAdmin&amp;idTexte=CETATEXT000008218370\" target=\"_blank\">Conseil d\u2019\u00c9tat statuant au contentieux N\u00b0 266692<\/a><br><em>Les dispositions du d\u00e9cret du 2 septembre 1991, qui pr\u00e9voient que les assistants territoriaux sp\u00e9cialis\u00e9s d&rsquo;enseignement artistique sont soumis \u00e0 un r\u00e9gime d&rsquo;obligations de service, font obstacle \u00e0 ce que la collectivit\u00e9 territoriale qui les emploie leur applique les textes pris pour la mise en oeuvre, dans la fonction publique territoriale, de la r\u00e9duction de la dur\u00e9e du travail et de l&rsquo;annualisation du temps de travail.<br> <br> <\/em><strong>Documentation syndicale&nbsp;:<\/strong><br> <a rel=\"noreferrer noopener\" aria-label=\" (s\u2019ouvre dans un nouvel onglet)\" href=\"https:\/\/www.snam-cgt.org\/snam-cgt\/nos-publications\/lartiste-enseignant\/\" target=\"_blank\">Les archives de l&rsquo;Artiste-enseignant depuis 2000<\/a> (une publication du Snam-Cgt) <br><br><strong>Liens utiles&nbsp;:<\/strong> <br><a rel=\"noreferrer noopener\" href=\"http:\/\/www.cada.fr\/\" target=\"_blank\">Commission d&rsquo;acc\u00e8s aux documents administratifs (CADA)<\/a> <br><em><a href=\"http:\/\/www.cnfpt.fr\/\">Centre National de la Fonction Publique Territoriale (CNFPT)<\/a><br> <a href=\"http:\/\/www.service-public.fr\/\">http:\/\/www.service-public.fr\/<\/a><\/em> <br> <br> <br> <\/td><\/tr><\/tbody><\/table><\/figure>\n","protected":false},"excerpt":{"rendered":"<p>FONCTION PUBLIQUE TERRITORIALERetrouvez ICI la table de conversion anciens textes \/ code g\u00e9n\u00e9ral de la fonction publique Dispositions statutaires (anciens textes)&nbsp;: Loi n\u00b0 84-53 du&hellip;<\/p>\n","protected":false},"author":1,"featured_media":0,"parent":80,"menu_order":0,"comment_status":"closed","ping_status":"closed","template":"","meta":{"footnotes":""},"class_list":["post-203","page","type-page","status-publish","hentry"],"_links":{"self":[{"href":"https:\/\/sdamp-cgt.org\/sdamp\/wp-json\/wp\/v2\/pages\/203","targetHints":{"allow":["GET"]}}],"collection":[{"href":"https:\/\/sdamp-cgt.org\/sdamp\/wp-json\/wp\/v2\/pages"}],"about":[{"href":"https:\/\/sdamp-cgt.org\/sdamp\/wp-json\/wp\/v2\/types\/page"}],"author":[{"embeddable":true,"href":"https:\/\/sdamp-cgt.org\/sdamp\/wp-json\/wp\/v2\/users\/1"}],"replies":[{"embeddable":true,"href":"https:\/\/sdamp-cgt.org\/sdamp\/wp-json\/wp\/v2\/comments?post=203"}],"version-history":[{"count":5,"href":"https:\/\/sdamp-cgt.org\/sdamp\/wp-json\/wp\/v2\/pages\/203\/revisions"}],"predecessor-version":[{"id":656,"href":"https:\/\/sdamp-cgt.org\/sdamp\/wp-json\/wp\/v2\/pages\/203\/revisions\/656"}],"up":[{"embeddable":true,"href":"https:\/\/sdamp-cgt.org\/sdamp\/wp-json\/wp\/v2\/pages\/80"}],"wp:attachment":[{"href":"https:\/\/sdamp-cgt.org\/sdamp\/wp-json\/wp\/v2\/media?parent=203"}],"curies":[{"name":"wp","href":"https:\/\/api.w.org\/{rel}","templated":true}]}}

Réglementation publique

<figure class="wp-block-table"><table><tbody><tr><td> FONCTION PUBLIQUE TERRITORIALE<br><strong><a href="https://sdamp-cgt.org/sdamp/wp-content/uploads/2023/06/code_general_fonction_publique_table_concordance_ancienne_nouvelle.xlsx"><br>Retrouvez ICI la table de conversion anciens textes / code général de la fonction publique</a></strong><br><br> <strong>Dispositions statutaires</strong> (anciens textes)&nbsp;: <br><a rel="noreferrer noopener" href="http://www.legifrance.gouv.fr/affichTexte.do?cidTexte=JORFTEXT000000320434" target="_blank">Loi n° 84-53 du 26 janvier 1984 portant dispositions statutaires relatives à la fonction publique territoriale (1)</a> <br><br><a rel="noreferrer noopener" href="http://www.legifrance.gouv.fr/affichTexte.do?cidTexte=LEGITEXT000006078011&amp;dateTexte=vig" target="_blank">Décret n°91-855 du 2 septembre 1991 portant statut particulier du cadre d&#8217;emplois des directeurs d&rsquo;établissements territoriaux d&rsquo;enseignement artistique </a><br><br> <a rel="noreferrer noopener" href="http://www.legifrance.gouv.fr/affichTexte.do?cidTexte=LEGITEXT000006078009&amp;dateTexte=vig" target="_blank">Décret n°91-857 du 2 septembre 1991 portant statut particulier du cadre d&#8217;emplois des professeurs territoriaux d&rsquo;enseignement artistique (musique, danse, art dramatique, arts plastiques) </a> <br><br><a rel="noreferrer noopener" href="http://www.legifrance.gouv.fr/affichTexte.do?cidTexte=JORFTEXT000025597236" target="_blank">Décret n° 2012-437 du 29 mars 2012 portant statut particulier du cadre d&#8217;emplois des assistants territoriaux d&rsquo;enseignement artistique </a> <br><br><a rel="noreferrer noopener" href="http://legifrance.gouv.fr/affichTexte.do?cidTexte=JORFTEXT000025489865&amp;fastPos=1&amp;fastReqId=1213693443&amp;categorieLien=id&amp;oldAction=rechTexte=vig" target="_blank">LOI n° 2012-347 du 12 mars 2012 relative à l&rsquo;accès à l&#8217;emploi titulaire et à l&rsquo;amélioration des conditions d&#8217;emploi des agents contractuels dans la fonction publique, à la lutte contre les discriminations et portant diverses dispositions relatives à la fonction publique (1) </a> <a rel="noreferrer noopener" href="https://www.service-public.fr/particuliers/vosdroits/F13852" target="_blank">Agent contractuel de la fonction publique : passage automatique en CDI</a> <br><br><a rel="noreferrer noopener" href="http://www.legifrance.gouv.fr/affichTexte.do?cidTexte=LEGITEXT000006077407&amp;dateTexte=vig" target="_blank">Décret n°91-298 du 20 mars 1991 portant dispositions statutaires applicables aux fonctionnaires territoriaux nommés dans des emplois permanents à temps non complet </a> <br><br><strong>Textes juridiques et réglementaires&nbsp;: </strong><br><a rel="noreferrer noopener" href="http://www.legifrance.gouv.fr/affichTexte.do?cidTexte=LEGITEXT000005630448&amp;dateTexte=vig" target="_blank">Loi n° 2001-2 du 3 janvier 2001 relative à la résorption de l&#8217;emploi précaire et à la modernisation du recrutement dans la fonction publique ainsi qu&rsquo;au temps de travail dans la fonction publique territoriale</a> <br><br><a rel="noreferrer noopener" href="http://www.legifrance.gouv.fr/affichTexte.do;jsessionid=A320BD75433B39878E1DDEF5BC2413E8.tpdjo11v_3?idSectionTA=LEGISCTA000006089530&amp;cidTexte=JORFTEXT000000649834&amp;dateTexte=vig" target="_blank">Décret n°2007-658 du 2 mai 2007 relatif au cumul d&rsquo;activités des fonctionnaires, des agents non titulaires de droit public et des ouvriers des établissements industriels de l&rsquo;Etat</a> <br><br><a rel="noreferrer noopener" href="http://circulaire.legifrance.gouv.fr/pdf/2009/05/cir_26274.pdf" target="_blank">Circulaire 2157 du 11 mars 2008 relative au cumul d&rsquo;activité</a><br><br> <a rel="noreferrer noopener" href="http://www.legifrance.gouv.fr/affichTexte.do;jsessionid=3FED8B047E706D7F374570E83D43D7B3.tpdjo08v_1?cidTexte=LEGITEXT000006068817&amp;dateTexte=vig" target="_blank">Loi n° 83-663 du 22 juillet 1983 complétant la loi n° 83-8 du 7 janvier 1983 relative à la répartition de compétences entre les communes, les départements, les régions et l&rsquo;Etat</a> <strong>(</strong>Décentralisation) <br><br><a rel="noreferrer noopener" href="http://www.legifrance.gouv.fr/affichTexte.do?cidTexte=JORFTEXT000019025536&amp;dateTexte=vig" target="_blank">Décret n° 2008-580 du 18 juin 2008 relatif au régime de la mise à disposition applicable aux collectivités territoriales et aux établissements publics administratifs locaux </a><br><br> <a rel="noreferrer noopener" href="http://www.legifrance.gouv.fr/affichTexte.do?cidTexte=LEGITEXT000006066415&amp;dateTexte=vig" target="_blank">Décret n°88-145 du 15 février 1988 pris pour l&rsquo;application de l&rsquo;article 136 de la loi du 26 janvier 1984 modifiée portant dispositions statutaires relatives à la fonction publique territoriale et relatif aux agents non titulaires de la fonction publique territoriale</a> <br> <br> <a rel="noreferrer noopener" href="http://www.legifrance.gouv.fr/affichTexte.do?cidTexte=LEGITEXT000006068812" target="_blank">Loi n° 83-634 du 13 juillet 1983 portant droits et obligations des fonctionnaires. Loi dite loi Le Pors</a> <br><br><strong>Revalorisation des diplômes DE et CA (2016)</strong> <br><a rel="noreferrer noopener" href="https://www.legifrance.gouv.fr/eli/arrete/2016/7/29/MCCD1619994A/jo/texte" target="_blank">Arrêté du 29 juillet 2016 relatif au certificat d’aptitude aux fonctions de professeur de musique et fixant les conditions d’habilitation des établissements d’enseignement supérieur à délivrer ce diplôme NOR&nbsp;: MCCD1619994A</a><br> <a rel="noreferrer noopener" aria-label=" (s’ouvre dans un nouvel onglet)" href="https://sdamp-cgt.org/sdamp/wp-content/uploads/2020/07/Annexe-I-_-1ère-partie-Contexte-métier-CA-prof-de-musique.pdf" target="_blank">Annexe I, 1ere partie&nbsp;: contexte de métier </a><br> <a rel="noreferrer noopener" aria-label=" (s’ouvre dans un nouvel onglet)" href="https://sdamp-cgt.org/sdamp/wp-content/uploads/2020/07/Annexe-I-_-2ème-partie-Référentiel-CA-prof-de-musique.pdf" target="_blank">Annexe I, 2e partie&nbsp;: référentiel métier</a> <br> <a rel="noreferrer noopener" aria-label=" (s’ouvre dans un nouvel onglet)" href="https://sdamp-cgt.org/sdamp/wp-content/uploads/2020/07/Annexe-II-arrete-CA-prof-de-musique.pdf" target="_blank">Annexe II&nbsp;; disciplines</a> <br> <a rel="noreferrer noopener" aria-label=" (s’ouvre dans un nouvel onglet)" href="https://sdamp-cgt.org/sdamp/wp-content/uploads/2020/07/annexe-III-arrete-CA-prof-de-musique.pdf" target="_blank">Annexe III&nbsp;; Evaluation VAE</a> <br><a rel="noreferrer noopener" href="https://www.legifrance.gouv.fr/eli/arrete/2016/7/29/MCCD1619960A/jo/texte" target="_blank">Arrêté du 29 juillet 2016 relatif au diplôme d’Etat de professeur de musique et fixant les conditions d’habilitation des établissements d’enseignement supérieur à délivrer ce diplôme NOR&nbsp;: MCCD1619960A</a><br> <a rel="noreferrer noopener" aria-label=" (s’ouvre dans un nouvel onglet)" href="https://sdamp-cgt.org/sdamp/wp-content/uploads/2020/07/Annexe-I-_-1ère-partie-arrete-DE-prof-de-musique.pdf" target="_blank">Annexe I, 1ere partie&nbsp;: contexte de métier</a> (DE) <br> <a rel="noreferrer noopener" aria-label=" (s’ouvre dans un nouvel onglet)" href="https://sdamp-cgt.org/sdamp/wp-content/uploads/2020/07/Annexe-I-_-2ème-partie-arrete-DE-prof-de-musique.pdf" target="_blank">Annexe I, 2e partie&nbsp;: référentiel métier</a> </td></tr><tr><td><br> <strong>Pas d&rsquo;annualisation du temps de travail<br> </strong><a rel="noreferrer noopener" href="https://www.legifrance.gouv.fr/affichJuriAdmin.do?oldAction=rechJuriAdmin&amp;idTexte=CETATEXT000008218370" target="_blank">Conseil d’État statuant au contentieux N° 266692</a><br><em>Les dispositions du décret du 2 septembre 1991, qui prévoient que les assistants territoriaux spécialisés d&rsquo;enseignement artistique sont soumis à un régime d&rsquo;obligations de service, font obstacle à ce que la collectivité territoriale qui les emploie leur applique les textes pris pour la mise en oeuvre, dans la fonction publique territoriale, de la réduction de la durée du travail et de l&rsquo;annualisation du temps de travail.<br> <br> </em><strong>Documentation syndicale&nbsp;:</strong><br> <a rel="noreferrer noopener" aria-label=" (s’ouvre dans un nouvel onglet)" href="https://www.snam-cgt.org/snam-cgt/nos-publications/lartiste-enseignant/" target="_blank">Les archives de l&rsquo;Artiste-enseignant depuis 2000</a> (une publication du Snam-Cgt) <br><br><strong>Liens utiles&nbsp;:</strong> <br><a rel="noreferrer noopener" href="http://www.cada.fr/" target="_blank">Commission d&rsquo;accès aux documents administratifs (CADA)</a> <br><em><a href="http://www.cnfpt.fr/">Centre National de la Fonction Publique Territoriale (CNFPT)</a><br> <a href="http://www.service-public.fr/">http://www.service-public.fr/</a></em> <br> <br> <br> </td></tr></tbody></table></figure>

<p>FONCTION PUBLIQUE TERRITORIALERetrouvez ICI la table de conversion anciens textes / code général de la fonction publique Dispositions statutaires (anciens textes)&nbsp;: Loi n° 84-53 du&hellip;</p>
